{"id":19,"date":"2023-01-31T20:19:52","date_gmt":"2023-01-31T20:19:52","guid":{"rendered":"https:\/\/stm.losreyesmichoacan.gob.mx\/?page_id=19"},"modified":"2023-05-25T17:07:01","modified_gmt":"2023-05-25T17:07:01","slug":"quienes-somos","status":"publish","type":"page","link":"https:\/\/stm.losreyesmichoacan.gob.mx\/index.php\/quienes-somos\/","title":{"rendered":"\u00bfQui\u00e9nes somos?"},"content":{"rendered":"<p>es un \u00f3rgano colegiado que representa un espacio permanente de planeaci\u00f3n, articulaci\u00f3n y evaluaci\u00f3n de le las acciones en materia de Gobierno Abierto.<\/p>\n<p>&nbsp;<\/p>\n<p>&nbsp;<\/p>\n<p><a href=\"http:\/\/sistemaanticorrupcion.michoacan.gob.mx\/\"><img decoding=\"async\" class=\"alignleft\" src=\"http:\/\/sistemaanticorrupcion.michoacan.gob.mx\/templates\/g5_hydrogen\/custom\/images\/Logotipo%20SESEA%20Michoacan.svg\" alt=\"Secretar\u00eda Ejecutiva del Sistema Estatal Anticorrupci\u00f3n\" width=\"115\" height=\"79\" \/><\/a><\/p>\n<p><a href=\"https:\/\/www.sna.org.mx\/\"><img decoding=\"async\" class=\"alignleft\" src=\"https:\/\/www.gob.mx\/cms\/uploads\/article\/main_image\/60313\/SnaLogoNav03.jpg\" alt=\"EL SISTEMA NACIONAL ANTICORRUPCI\u00d3N | Secretar\u00eda Ejecutiva ...\" width=\"164\" height=\"82\" \/><\/a><\/p>\n<p><a href=\"https:\/\/www.transparenciapresupuestaria.gob.mx\/\"><img decoding=\"async\" class=\"wp-image-227 alignleft\" src=\"https:\/\/stm.losreyesmichoacan.gob.mx\/wp-content\/uploads\/2023\/04\/tp-300x245.jpg\" alt=\"\" width=\"130\" height=\"106\" srcset=\"https:\/\/stm.losreyesmichoacan.gob.mx\/wp-content\/uploads\/2023\/04\/tp-300x245.jpg 300w, https:\/\/stm.losreyesmichoacan.gob.mx\/wp-content\/uploads\/2023\/04\/tp.jpg 350w\" sizes=\"(max-width: 130px) 100vw, 130px\" \/><\/a><\/p>\n<p><a href=\"https:\/\/www.plataformadetransparencia.org.mx\/\"><img loading=\"lazy\" decoding=\"async\" class=\"wp-image-226 alignleft\" src=\"https:\/\/stm.losreyesmichoacan.gob.mx\/wp-content\/uploads\/2023\/04\/lp-300x245.jpg\" alt=\"\" width=\"130\" height=\"106\" srcset=\"https:\/\/stm.losreyesmichoacan.gob.mx\/wp-content\/uploads\/2023\/04\/lp-300x245.jpg 300w, https:\/\/stm.losreyesmichoacan.gob.mx\/wp-content\/uploads\/2023\/04\/lp.jpg 350w\" sizes=\"(max-width: 130px) 100vw, 130px\" \/><\/a><\/p>\n<p><a href=\"http:\/\/imaip.org.mx\/\"><img loading=\"lazy\" decoding=\"async\" class=\"wp-image-224 alignleft\" src=\"https:\/\/stm.losreyesmichoacan.gob.mx\/wp-content\/uploads\/2023\/04\/imaip-300x245.jpg\" alt=\"\" width=\"130\" height=\"106\" srcset=\"https:\/\/stm.losreyesmichoacan.gob.mx\/wp-content\/uploads\/2023\/04\/imaip-300x245.jpg 300w, https:\/\/stm.losreyesmichoacan.gob.mx\/wp-content\/uploads\/2023\/04\/imaip.jpg 350w\" sizes=\"(max-width: 130px) 100vw, 130px\" \/><\/a><\/p>\n<p><a href=\"https:\/\/home.inai.org.mx\/\"><img loading=\"lazy\" decoding=\"async\" class=\"wp-image-225 alignleft\" src=\"https:\/\/stm.losreyesmichoacan.gob.mx\/wp-content\/uploads\/2023\/04\/inai-300x245.png\" alt=\"\" width=\"130\" height=\"106\" srcset=\"https:\/\/stm.losreyesmichoacan.gob.mx\/wp-content\/uploads\/2023\/04\/inai-300x245.png 300w, https:\/\/stm.losreyesmichoacan.gob.mx\/wp-content\/uploads\/2023\/04\/inai.png 350w\" sizes=\"(max-width: 130px) 100vw, 130px\" \/><\/a><\/p>\n","protected":false},"excerpt":{"rendered":"<p class=\"qua-blog-post-description\">es un \u00f3rgano colegiado que representa un espacio permanente de planeaci\u00f3n, articulaci\u00f3n y evaluaci\u00f3n de le las acciones en materia de Gobierno Abierto. &nbsp; &nbsp;<\/p>\n","protected":false},"author":1,"featured_media":0,"parent":0,"menu_order":0,"comment_status":"closed","ping_status":"closed","template":"quality-page-builder-default.php","meta":{"footnotes":""},"class_list":["post-19","page","type-page","status-publish","hentry"],"yoast_head":"<!-- This site is optimized with the Yoast SEO plugin v25.4 - https:\/\/yoast.com\/wordpress\/plugins\/seo\/ -->\n<title>\u00bfQui\u00e9nes somos? - STM<\/title>\n<meta name=\"robots\" content=\"index, follow, max-snippet:-1, max-image-preview:large, max-video-preview:-1\" \/>\n<link rel=\"canonical\" href=\"https:\/\/stm.losreyesmichoacan.gob.mx\/index.php\/quienes-somos\/\" \/>\n<meta property=\"og:locale\" content=\"es_ES\" \/>\n<meta property=\"og:type\" content=\"article\" \/>\n<meta property=\"og:title\" content=\"\u00bfQui\u00e9nes somos? - STM\" \/>\n<meta property=\"og:description\" content=\"es un \u00f3rgano colegiado que representa un espacio permanente de planeaci\u00f3n, articulaci\u00f3n y evaluaci\u00f3n de le las acciones en materia de Gobierno Abierto. &nbsp; &nbsp;\" \/>\n<meta property=\"og:url\" content=\"https:\/\/stm.losreyesmichoacan.gob.mx\/index.php\/quienes-somos\/\" \/>\n<meta property=\"og:site_name\" content=\"STM\" \/>\n<meta property=\"article:modified_time\" content=\"2023-05-25T17:07:01+00:00\" \/>\n<meta property=\"og:image\" content=\"http:\/\/sistemaanticorrupcion.michoacan.gob.mx\/templates\/g5_hydrogen\/custom\/images\/Logotipo%20SESEA%20Michoacan.svg\" \/>\n<meta name=\"twitter:card\" content=\"summary_large_image\" \/>\n<meta name=\"twitter:label1\" content=\"Tiempo de lectura\" \/>\n\t<meta name=\"twitter:data1\" content=\"2 minutos\" \/>\n<script type=\"application\/ld+json\" class=\"yoast-schema-graph\">{\"@context\":\"https:\/\/schema.org\",\"@graph\":[{\"@type\":\"WebPage\",\"@id\":\"https:\/\/stm.losreyesmichoacan.gob.mx\/index.php\/quienes-somos\/\",\"url\":\"https:\/\/stm.losreyesmichoacan.gob.mx\/index.php\/quienes-somos\/\",\"name\":\"\u00bfQui\u00e9nes somos? - STM\",\"isPartOf\":{\"@id\":\"https:\/\/stm.losreyesmichoacan.gob.mx\/#website\"},\"primaryImageOfPage\":{\"@id\":\"https:\/\/stm.losreyesmichoacan.gob.mx\/index.php\/quienes-somos\/#primaryimage\"},\"image\":{\"@id\":\"https:\/\/stm.losreyesmichoacan.gob.mx\/index.php\/quienes-somos\/#primaryimage\"},\"thumbnailUrl\":\"http:\/\/sistemaanticorrupcion.michoacan.gob.mx\/templates\/g5_hydrogen\/custom\/images\/Logotipo%20SESEA%20Michoacan.svg\",\"datePublished\":\"2023-01-31T20:19:52+00:00\",\"dateModified\":\"2023-05-25T17:07:01+00:00\",\"breadcrumb\":{\"@id\":\"https:\/\/stm.losreyesmichoacan.gob.mx\/index.php\/quienes-somos\/#breadcrumb\"},\"inLanguage\":\"es\",\"potentialAction\":[{\"@type\":\"ReadAction\",\"target\":[\"https:\/\/stm.losreyesmichoacan.gob.mx\/index.php\/quienes-somos\/\"]}]},{\"@type\":\"ImageObject\",\"inLanguage\":\"es\",\"@id\":\"https:\/\/stm.losreyesmichoacan.gob.mx\/index.php\/quienes-somos\/#primaryimage\",\"url\":\"http:\/\/sistemaanticorrupcion.michoacan.gob.mx\/templates\/g5_hydrogen\/custom\/images\/Logotipo%20SESEA%20Michoacan.svg\",\"contentUrl\":\"http:\/\/sistemaanticorrupcion.michoacan.gob.mx\/templates\/g5_hydrogen\/custom\/images\/Logotipo%20SESEA%20Michoacan.svg\"},{\"@type\":\"BreadcrumbList\",\"@id\":\"https:\/\/stm.losreyesmichoacan.gob.mx\/index.php\/quienes-somos\/#breadcrumb\",\"itemListElement\":[{\"@type\":\"ListItem\",\"position\":1,\"name\":\"Portada\",\"item\":\"https:\/\/stm.losreyesmichoacan.gob.mx\/\"},{\"@type\":\"ListItem\",\"position\":2,\"name\":\"\u00bfQui\u00e9nes somos?\"}]},{\"@type\":\"WebSite\",\"@id\":\"https:\/\/stm.losreyesmichoacan.gob.mx\/#website\",\"url\":\"https:\/\/stm.losreyesmichoacan.gob.mx\/\",\"name\":\"STM\",\"description\":\"Secretariado T\u00e9cnico Municipal\",\"publisher\":{\"@id\":\"https:\/\/stm.losreyesmichoacan.gob.mx\/#organization\"},\"potentialAction\":[{\"@type\":\"SearchAction\",\"target\":{\"@type\":\"EntryPoint\",\"urlTemplate\":\"https:\/\/stm.losreyesmichoacan.gob.mx\/?s={search_term_string}\"},\"query-input\":{\"@type\":\"PropertyValueSpecification\",\"valueRequired\":true,\"valueName\":\"search_term_string\"}}],\"inLanguage\":\"es\"},{\"@type\":\"Organization\",\"@id\":\"https:\/\/stm.losreyesmichoacan.gob.mx\/#organization\",\"name\":\"STM\",\"url\":\"https:\/\/stm.losreyesmichoacan.gob.mx\/\",\"logo\":{\"@type\":\"ImageObject\",\"inLanguage\":\"es\",\"@id\":\"https:\/\/stm.losreyesmichoacan.gob.mx\/#\/schema\/logo\/image\/\",\"url\":\"https:\/\/stm.losreyesmichoacan.gob.mx\/wp-content\/uploads\/2023\/01\/cropped-LOGO_SECRETARIADO_TECNICO.fw_-2.png\",\"contentUrl\":\"https:\/\/stm.losreyesmichoacan.gob.mx\/wp-content\/uploads\/2023\/01\/cropped-LOGO_SECRETARIADO_TECNICO.fw_-2.png\",\"width\":153,\"height\":106,\"caption\":\"STM\"},\"image\":{\"@id\":\"https:\/\/stm.losreyesmichoacan.gob.mx\/#\/schema\/logo\/image\/\"}}]}<\/script>\n<!-- \/ Yoast SEO plugin. -->","yoast_head_json":{"title":"\u00bfQui\u00e9nes somos? - STM","robots":{"index":"index","follow":"follow","max-snippet":"max-snippet:-1","max-image-preview":"max-image-preview:large","max-video-preview":"max-video-preview:-1"},"canonical":"https:\/\/stm.losreyesmichoacan.gob.mx\/index.php\/quienes-somos\/","og_locale":"es_ES","og_type":"article","og_title":"\u00bfQui\u00e9nes somos? - STM","og_description":"es un \u00f3rgano colegiado que representa un espacio permanente de planeaci\u00f3n, articulaci\u00f3n y evaluaci\u00f3n de le las acciones en materia de Gobierno Abierto. &nbsp; &nbsp;","og_url":"https:\/\/stm.losreyesmichoacan.gob.mx\/index.php\/quienes-somos\/","og_site_name":"STM","article_modified_time":"2023-05-25T17:07:01+00:00","og_image":[{"url":"http:\/\/sistemaanticorrupcion.michoacan.gob.mx\/templates\/g5_hydrogen\/custom\/images\/Logotipo%20SESEA%20Michoacan.svg","type":"","width":"","height":""}],"twitter_card":"summary_large_image","twitter_misc":{"Tiempo de lectura":"2 minutos"},"schema":{"@context":"https:\/\/schema.org","@graph":[{"@type":"WebPage","@id":"https:\/\/stm.losreyesmichoacan.gob.mx\/index.php\/quienes-somos\/","url":"https:\/\/stm.losreyesmichoacan.gob.mx\/index.php\/quienes-somos\/","name":"\u00bfQui\u00e9nes somos? - STM","isPartOf":{"@id":"https:\/\/stm.losreyesmichoacan.gob.mx\/#website"},"primaryImageOfPage":{"@id":"https:\/\/stm.losreyesmichoacan.gob.mx\/index.php\/quienes-somos\/#primaryimage"},"image":{"@id":"https:\/\/stm.losreyesmichoacan.gob.mx\/index.php\/quienes-somos\/#primaryimage"},"thumbnailUrl":"http:\/\/sistemaanticorrupcion.michoacan.gob.mx\/templates\/g5_hydrogen\/custom\/images\/Logotipo%20SESEA%20Michoacan.svg","datePublished":"2023-01-31T20:19:52+00:00","dateModified":"2023-05-25T17:07:01+00:00","breadcrumb":{"@id":"https:\/\/stm.losreyesmichoacan.gob.mx\/index.php\/quienes-somos\/#breadcrumb"},"inLanguage":"es","potentialAction":[{"@type":"ReadAction","target":["https:\/\/stm.losreyesmichoacan.gob.mx\/index.php\/quienes-somos\/"]}]},{"@type":"ImageObject","inLanguage":"es","@id":"https:\/\/stm.losreyesmichoacan.gob.mx\/index.php\/quienes-somos\/#primaryimage","url":"http:\/\/sistemaanticorrupcion.michoacan.gob.mx\/templates\/g5_hydrogen\/custom\/images\/Logotipo%20SESEA%20Michoacan.svg","contentUrl":"http:\/\/sistemaanticorrupcion.michoacan.gob.mx\/templates\/g5_hydrogen\/custom\/images\/Logotipo%20SESEA%20Michoacan.svg"},{"@type":"BreadcrumbList","@id":"https:\/\/stm.losreyesmichoacan.gob.mx\/index.php\/quienes-somos\/#breadcrumb","itemListElement":[{"@type":"ListItem","position":1,"name":"Portada","item":"https:\/\/stm.losreyesmichoacan.gob.mx\/"},{"@type":"ListItem","position":2,"name":"\u00bfQui\u00e9nes somos?"}]},{"@type":"WebSite","@id":"https:\/\/stm.losreyesmichoacan.gob.mx\/#website","url":"https:\/\/stm.losreyesmichoacan.gob.mx\/","name":"STM","description":"Secretariado T\u00e9cnico Municipal","publisher":{"@id":"https:\/\/stm.losreyesmichoacan.gob.mx\/#organization"},"potentialAction":[{"@type":"SearchAction","target":{"@type":"EntryPoint","urlTemplate":"https:\/\/stm.losreyesmichoacan.gob.mx\/?s={search_term_string}"},"query-input":{"@type":"PropertyValueSpecification","valueRequired":true,"valueName":"search_term_string"}}],"inLanguage":"es"},{"@type":"Organization","@id":"https:\/\/stm.losreyesmichoacan.gob.mx\/#organization","name":"STM","url":"https:\/\/stm.losreyesmichoacan.gob.mx\/","logo":{"@type":"ImageObject","inLanguage":"es","@id":"https:\/\/stm.losreyesmichoacan.gob.mx\/#\/schema\/logo\/image\/","url":"https:\/\/stm.losreyesmichoacan.gob.mx\/wp-content\/uploads\/2023\/01\/cropped-LOGO_SECRETARIADO_TECNICO.fw_-2.png","contentUrl":"https:\/\/stm.losreyesmichoacan.gob.mx\/wp-content\/uploads\/2023\/01\/cropped-LOGO_SECRETARIADO_TECNICO.fw_-2.png","width":153,"height":106,"caption":"STM"},"image":{"@id":"https:\/\/stm.losreyesmichoacan.gob.mx\/#\/schema\/logo\/image\/"}}]}},"_links":{"self":[{"href":"https:\/\/stm.losreyesmichoacan.gob.mx\/index.php\/wp-json\/wp\/v2\/pages\/19","targetHints":{"allow":["GET"]}}],"collection":[{"href":"https:\/\/stm.losreyesmichoacan.gob.mx\/index.php\/wp-json\/wp\/v2\/pages"}],"about":[{"href":"https:\/\/stm.losreyesmichoacan.gob.mx\/index.php\/wp-json\/wp\/v2\/types\/page"}],"author":[{"embeddable":true,"href":"https:\/\/stm.losreyesmichoacan.gob.mx\/index.php\/wp-json\/wp\/v2\/users\/1"}],"replies":[{"embeddable":true,"href":"https:\/\/stm.losreyesmichoacan.gob.mx\/index.php\/wp-json\/wp\/v2\/comments?post=19"}],"version-history":[{"count":6,"href":"https:\/\/stm.losreyesmichoacan.gob.mx\/index.php\/wp-json\/wp\/v2\/pages\/19\/revisions"}],"predecessor-version":[{"id":272,"href":"https:\/\/stm.losreyesmichoacan.gob.mx\/index.php\/wp-json\/wp\/v2\/pages\/19\/revisions\/272"}],"wp:attachment":[{"href":"https:\/\/stm.losreyesmichoacan.gob.mx\/index.php\/wp-json\/wp\/v2\/media?parent=19"}],"curies":[{"name":"wp","href":"https:\/\/api.w.org\/{rel}","templated":true}]}}